2) to base 3.
-202220121001
What is 529137 (base 12) in base 11?
809815
Convert 1000110101101001011 (base 2) to base 5.
33231421
What is -5043b (base 14) in base 11?
-121a3a
-320123232 (base 6) to base 5
-2414003303
1651297 (base 11) to base 9
5256328
What is -1000010111110000111 (base 2) in base 3?
-111221021200
Convert 236723 (base 9) to base 12.
6a733
b3f29 (base 16) to base 9
1343051
What is -9a973 (base 16) in base 8?
-2324563
-2144432 (base 5) to base 3
-1220102121
-21012210100 (base 3) to base 6
-3013230
-b85896 (base 12) to base 6
-142233510
What is 130458 (base 10) in base 11?
8a019
What is -1815b19 (base 12) in base 10?
-5007621
Convert 99678 (base 13) to base 5.
32343220
Convert 10964 (base 14) to base 4.
21311030
1d278 (base 16) to base 6
2320504
What is 6269086 (base 11) in base 5?
10312121022
-245b (base 16) to base 7
-36064
Convert 202302320202 (base 4) to base 5.
4313340224
What is -371201 (base 10) in base 13?
-ccc5c
What is -1110000011000000100 (base 2) in base 13?
-131681
Convert 2077197 (base 11) to base 12.
1283301
Convert -12110212101122 (base 3) to base 15.
-3c7555
Convert -2013033112 (base 4) to base 6.
-15512314
What is 383366 (base 9) in base 8?
705275
Convert -10020220012 (base 3) to base 15.
-13ebb
Convert -11835 (base 13) to base 16.
-7d9a
-22888 (base 10) to base 14
-84ac
Convert -10817 (base 15) to base 6.
-1042451
What is -227063 (base 8) in base 11?
-53140
What is -23221333 (base 4) in base 8?
-135177
What is 4043033341 (base 5) in base 16?
7cba8d
Convert 59248 (base 10) to base 5.
3343443
What is -55a14 (base 11) in base 4?
-103302331
27bb7 (base 15) to base 6
2422214
What is -36b15 (base 12) in base 4?
-102013001
Convert 101000110010010011 (base 2) to base 12.
80817
What is 11011110111000010011 (base 2) in base 14?
19a9a3
Convert 110000101100001101 (base 2) to base 4.
300230031
What is 8b5d (base 15) in base 11?
20236
Convert -34a722 (base 12) to base 14.
-180d3c
What is 1116674 (base 8) in base 9?
510877
-235020501 (base 7) to base 8
-67526764
Convert 110101110011011010 (base 2) to base 8.
656332
Convert c30db (base 15) to base 12.
25965b
What is -405668 (base 10) in base 15?
-802e8
Convert 53935 (base 14) to base 16.
3158b
52695a (base 14) to base 7
32444243
What is 100010331 (base 4) in base 15?
147a3
Convert -533500 (base 7) to base 12.
-45654
188c09a (base 14) to base 16
b9bce8
24505032 (base 8) to base 9
11154150
Convert -225110120 (base 7) to base 13.
-2b18145
-1375527 (base 9) to base 13
-207391
-ad6b8 (base 16) to base 12
-2a30a0
Convert -33466 (base 11) to base 3.
-2110111021
What is -115553414 (base 6) in base 2?
-1000100010101000010010
-521434 (base 7) to base 3
-11112122011
Convert -31330310 (base 4) to base 14.
-16b76
What is 4474254 (base 9) in base 7?
26331124
-120002000212222 (base 3) to base 7
-125045342
1255341 (base 7) to base 3
22101120000
71a2 (base 13) to base 14
5a00
What is 115042350 (base 6) in base 5?
1030323321
Convert -50168 (base 11) to base 4.
-101322320
-124b95 (base 16) to base 13
-32c987
What is -11011011001100100010 (base 2) in base 9?
-1617524
Convert -144567 (base 8) to base 16.
-c977
Convert 54032656 (base 7) to base 14.
87919d
What is 30040530 (base 7) in base 10?
2480499
-1538367 (base 10) to base 9
-2804216
Convert -419d5 (base 15) to base 16.
-32ce4
What is 4d625d (base 14) in base 2?
1010001011010001111011
What is -10023430 (base 6) in base 2?
-1000101001011001010
What is -1405b7 (base 14) in base 13?
-1b3352
What is 1001001000110001101000 (base 2) in base 9?
4450577
Convert 300101010 (base 4) to base 9.
331166
Convert -911516 (base 11) to base 3.
-2202111001021
3ab4e (base 16) to base 12
b71a6
What is -6b038 (base 13) in base 15?
-3ce3a
Convert 3035124 (base 6) to base 2.
100011011001011100
42043320 (base 5) to base 10
346710
1c2696 (base 14) to base 15
14ce5c
What is 2001512 (base 6) in base 10?
93716
Convert 230322113 (base 4) to base 8.
547227
What is 4752b5 (base 12) in base 9?
2141782
What is 501315334 (base 6) in base 13?
19a7694
Convert 101221002122122 (base 3) to base 4.
112022010203
-230551 (base 9) to base 14
-3853a
Convert 3c3ef5 (base 16) to base 5.
2002321102
6bb255 (base 12) to base 10
1740449
Convert 546755 (base 16) to base 2.
10101000110011101010101
-100100100101101110111 (base 2) to base 6
-41410435
-1265753 (base 11) to base 2
-1000010110011100001101
What is 1a0636 (base 13) in base 11?
40a378
What is 1276174 (base 8) in base 15?
717ed
What is 15314131 (base 9) in base 12?
2679877
What is -1055172 (base 10) in base 3?
-1222121102110
-a29458 (base 11) to base 13
-45b105
Convert 285719 (base 11) to base 5.
103244002
-1100100111000100010110 (base 2) to base 10
-3305750
10000200010 (base 3) to base 9
100603
What is -54354015 (base 7) in base 14?
-891545
Convert -4640801 (base 10) to base 13.
-c66449
-11871 (base 15) to base 2
-1101101001100010
What is 7d6104 (base 14) in base 13?
b6b655
Convert -3dd1b6 (base 15) to base 8.
-13275251
112252 (base 6) to base 12
5688
-22acc (base 14) to base 3
-11021212011
-55103055 (base 6) to base 13
-456170
a3679 (base 13) to base 3
112220100112
Convert -3304254 (base 7) to base 3.
-202120101110
What is -6365511 (base 10) in base 3?
-102222101211200
1213132021 (base 4) to base 5
102030232
13141130 (base 8) to base 15
3ce20b
Convert -70d549 (base 16) to base 5.
-3343112013
1a621bb (base 12) to base 5
2413234323
51616602 (base 8) to base 15
e650cb
1885372 (base 9) to base 15
15e24e
What is 4a812 (base 11) in base 2?
10001110010010111
2214241 (base 8) to base 5
123034004
Convert -1130121122 (base 4) to base 10.
-378458
-111101011100 (base 2) to base 14
-160c
What is -1100012221110 (base 3) in base 9?
-1305843
-949716 (base 10) to base 9
-1706680
Convert 7c666 (base 16) to base 10.
509542
Convert 65663611 (base 8) to base 7.
230663456
-c2435 (base 13) to base 9
-580135
What is -31679c (base 13) in base 3?
-2011210000102
What is 12201222313 (base 4) in base 15?
23bd6a
2450202 (base 8) to base 11
421959
Convert -10225135 (base 7) to base 3.
-1121212211201
1f24d (base 16) to base 5
13040230
Convert 6a631a (base 15) to base 7.
61131361
Convert -2c8b95 (base 13) to base 3.
-2002010121022
830706 (base 9) to base 15
9ae83
What is 150b434 (base 13) in base 3?
110121210212101
-212112100220 (base 3) to base 11
-296aa5
2202212313 (base 4) to base 12
281533
Convert -3332704 (base 9) to base 8.
-6656236
Convert -fc3505 (base 16) to base 13.
-3569383
What is 4431a3 (base 16) in base 8?
21030643
What is -78292 (base 10) in base 7?
-444154
What is 11101011100001011 (base 2) in base 16?
1d70b
Convert -3759a7 (base 11) to base 5.
-122443001
7660d0 (base 15) to base 10
5639820
What is 178863 (base 11) in base 16?
43317
41431321 (base 5) to base 8
1235267
What is 1263443 (base 7) in base 11?
104460
13241727 (base 8) to base 11
1746847
What is -20131300131 (base 4) in base 6?
-115321153
-52345530 (base 7) to base 6
-234343523
Convert 244012102 (base 5) to base 2.
100011010100000100000
What is -101011000111110000110 (base 2) in base 3?
-2122210021021
Convert -771cb (base 15) to base 9.
-636072
What is -62414 (base 9) in base 4?
-22003021
What is 121330133010 (base 4) in base 11?
3925a54
Convert -bb39a9 (base 12) to base 8.
-13254321
What is -22001100100 (base 3) in base 7?
-1226640
What is -41156 (base 11) in base 2?
-1110101010101101
1249 (base 15) to base 6
30010
-342525 (base 12) to base 4
-3023201231
Convert 450532553 (base 6) to base 16.
7c8915
What is -1653640 (base 9) in base 11?
-57a16a
What is -3417421 (base 11) in base 8?
-26646170
What is 5514223 (base 7) in base 13?
1a89cc
What is 124021 (base 9) in base 4?
102111202
Convert 45214073 (base 8) to base 9.
20342341
What is 243112010 (base 5) in base 4?
10113130312
Convert -133035251 (base 6) to base 11.
-155a93a
Convert 3145034 (base 6) to base 15.
3098a
d4038 (base 14) to base 7
4224101
What is 233344212 (base 5) in base 12?
43a098
Convert 7c5527 (base 14) to base 12.
1505ba7
Convert 64300465 (base 7) to base 8.
24654766
What is 26b575 (base 15) in base 14?
366228
1905a9 (base 16) to base 9
3068404
1424468 (base 9) to base 14
165a45
What is 2221101220201 (base 3) in base 4?
11331210202
Convert 423628 (base 9) to base 5.
31031032
-110000110100110010101 (base 2) to base 16
-186995